{"id":821,"date":"2020-03-26T23:23:16","date_gmt":"2020-03-27T02:23:16","guid":{"rendered":"https:\/\/iespuertotirol-cha.infd.edu.ar\/sitio\/?page_id=821"},"modified":"2020-04-02T23:41:10","modified_gmt":"2020-04-03T02:41:10","slug":"nuestra-historia","status":"publish","type":"page","link":"https:\/\/iespuertotirol-cha.infd.edu.ar\/sitio\/institucional\/nuestra-historia\/","title":{"rendered":"Nuestra historia"},"content":{"rendered":"<p style=\"text-align: center;\">El IES de Puerto Tirol inici\u00f3 sus actividades en junio de 2016 y cuenta con 6 carreras: profesorados y tecnicatura.\u00a0 La comunidad de Puerto Tirol cont\u00f3 con un instituto de formaci\u00f3n docente durante los a\u00f1os 1985- 1995. Durante esos a\u00f1os, brindo formaci\u00f3n al menos a tres generaciones de la formaci\u00f3n docente.<\/p>\n<p style=\"text-align: center;\">El Instituto de Educaci\u00f3n Superior de Puerto Tirol con cuatro a\u00f1os de existencia 2016- 2020 en la comunidad del mismo nombre, cuenta con 6 carreras de formaci\u00f3n superior: profesorados (inicial, geograf\u00eda, Portugu\u00e9s, Ingl\u00e9s e Historia) y una tecnicatura (en Seguridad, Higiene y Medio Ambiente en el Trabajo), posee 600 estudiantes y 66 docentes.<\/p>\n<p style=\"text-align: center;\">Cuenta adem\u00e1s con una p\u00e1gina Oficial de Seguidores en Facebook: https:\/\/www.facebook.com\/IES.PuertoTirol\/<\/p>\n<p style=\"text-align: center;\">El trabajo de gesti\u00f3n permiti\u00f3\u00a0 que en 2019 que la comunidad de Fontana cuente con una Unidad de Extensi\u00f3n de Servicios N\u00b01 .\u00a0 Funciona en la Escuela de Educaci\u00f3n Primaria N\u00b0103 \u201cAntonio Donovan\u201d. Asisten estudiantes de la localidad y cursan el primer a\u00f1o del profesorado para la Educaci\u00f3n Secundaria en Geograf\u00eda y la Tecnicatura Superior en Seguridad, Higiene y Medio Ambiente en el Trabajo.<\/p>\n<p style=\"text-align: center;\">Queremos acompa\u00f1ar tus pasos en el nivel superior; movimiento que te abre las puertas a un camino de estudio, aprendizajes y experiencias para formarte como futuro profesional. Celebramos que hayas optado por alguna de las\u00a0 carreras del instituto y esperamos ofrecerte una formaci\u00f3n a la altura de tus expectativas. Todo esto es posible gracias a la presencia del Estado, del Ministerio de Educaci\u00f3n Cultura Ciencia y Tecnolog\u00eda de la Provincia del Chaco.<\/p>\n<p style=\"text-align: center;\">Asumimos que: \u201cLa Educaci\u00f3n Superior es un derecho humano y un bien p\u00fablico social. Los estados tienen el deber fundamental de garantizar este derecho. Los estados, las sociedades nacionales y las comunidades acad\u00e9micas deben ser quienes definan los principios b\u00e1sicos en los cuales se fundamenta la formaci\u00f3n de los ciudadanos y ciudadanas, velando por que ella sea pertinente y de calidad\u201d (Conferencia Regional de Educaci\u00f3n Superior de Am\u00e9rica Latina y el Caribe(UNESCO) celebrada en junio de 2008 en Cartagena de Indias, Colombia).<\/p>\n<p style=\"text-align: center;\">Quienes conformamos la comunidad del IES de Puerto Tirol estamos a disposici\u00f3n para trabajar conjuntamente y acompa\u00f1arte en este desaf\u00edo de formaci\u00f3n.<br \/>\n\u00a1Bienvenidos\/as!<\/p>\n","protected":false},"excerpt":{"rendered":"<p>El IES de Puerto Tirol inici\u00f3 sus actividades en junio de 2016 y cuenta con 6 carreras: profesorados y tecnicatura.\u00a0 La comunidad de Puerto Tirol cont\u00f3 con un instituto de formaci\u00f3n docente durante los a\u00f1os 1985- 1995. Durante esos a\u00f1os, brindo formaci\u00f3n al menos a tres generaciones de la formaci\u00f3n docente. El Instituto de Educaci\u00f3n &#8230; <a title=\"Nuestra historia\" class=\"read-more\" href=\"https:\/\/iespuertotirol-cha.infd.edu.ar\/sitio\/institucional\/nuestra-historia\/\" aria-label=\"More on Nuestra historia\">[+]<\/a><\/p>\n","protected":false},"author":11,"featured_media":0,"parent":683,"menu_order":0,"comment_status":"closed","ping_status":"closed","template":"","meta":[],"acf":[],"_links":{"self":[{"href":"https:\/\/iespuertotirol-cha.infd.edu.ar\/sitio\/wp-json\/wp\/v2\/pages\/821"}],"collection":[{"href":"https:\/\/iespuertotirol-cha.infd.edu.ar\/sitio\/wp-json\/wp\/v2\/pages"}],"about":[{"href":"https:\/\/iespuertotirol-cha.infd.edu.ar\/sitio\/wp-json\/wp\/v2\/types\/page"}],"author":[{"embeddable":true,"href":"https:\/\/iespuertotirol-cha.infd.edu.ar\/sitio\/wp-json\/wp\/v2\/users\/11"}],"replies":[{"embeddable":true,"href":"https:\/\/iespuertotirol-cha.infd.edu.ar\/sitio\/wp-json\/wp\/v2\/comments?post=821"}],"version-history":[{"count":3,"href":"https:\/\/iespuertotirol-cha.infd.edu.ar\/sitio\/wp-json\/wp\/v2\/pages\/821\/revisions"}],"predecessor-version":[{"id":837,"href":"https:\/\/iespuertotirol-cha.infd.edu.ar\/sitio\/wp-json\/wp\/v2\/pages\/821\/revisions\/837"}],"up":[{"embeddable":true,"href":"https:\/\/iespuertotirol-cha.infd.edu.ar\/sitio\/wp-json\/wp\/v2\/pages\/683"}],"wp:attachment":[{"href":"https:\/\/iespuertotirol-cha.infd.edu.ar\/sitio\/wp-json\/wp\/v2\/media?parent=821"}],"curies":[{"name":"wp","href":"https:\/\/api.w.org\/{rel}","templated":true}]}}